{"id":494543,"date":"2026-04-30T08:30:39","date_gmt":"2026-04-30T08:30:39","guid":{"rendered":"https:\/\/comptoir-immo-renu.com\/fichiers\/?post_type=property&#038;p=494543"},"modified":"2026-04-30T08:30:39","modified_gmt":"2026-04-30T08:30:39","slug":"2-pieces-avec-vue-panoramique-sur-la-mer","status":"publish","type":"property","link":"https:\/\/comptoir-immo-renu.com\/fichiers\/index.php\/property\/2-pieces-avec-vue-panoramique-sur-la-mer\/","title":{"rendered":"2 pi\u00e8ces avec vue panoramique sur la mer"},"content":{"rendered":"<p>Id\u00e9al pour un projet de r\u00e9sidence secondaire ou investissement locatif, \u00e0 5 mn \u00e0 pied de la plage de Valli\u00e8res et 15 mn du centre ville<br \/> Au 6\u00e8me et dernier \u00e9tage d&#039;une r\u00e9sidence construction de 1964 avec ascenseur.<br \/> Appartement de 2 pi\u00e8ces, d&#039;une surface habitable de 45.66 m2 habitables Loi CARREZ comprenant :<br \/> entr\u00e9e avec placard, salle de s\u00e9jour et chambre donnant sur balcon de 8 m2 environ, cuisine, salle de bains, W.C.<br \/> Magnifique vue mer, face \u00e0 la baie de ROYAN.<br \/> Une cave et un parking privatif ext\u00e9rieur compl\u00e8tent le bien.<br \/> Des travaux de r\u00e9novation sont \u00e0 pr\u00e9voir.<br \/> Honoraires inclus charge acqu\u00e9reur : 4.55 % &#8211; Prix net vendeur : 220 000 EUR<br \/>Les informations sur les risques auxquels ce bien est expos\u00e9 sont disponibles sur le site G\u00e9orisques : www.georisques.gouv.fr<\/p>\n","protected":false},"excerpt":{"rendered":"<p>Id\u00e9al pour un projet de r\u00e9sidence secondaire ou investissement locatif, \u00e0 5 mn \u00e0 pied de la plage de Valli\u00e8res et 15 mn du centre ville Au 6\u00e8me et dernier \u00e9tage d&#039;une r\u00e9sidence construction de 1964 avec ascenseur. Appartement de 2 pi\u00e8ces, d&#039;une surface habitable de 45.66 m2 habitables Loi CARREZ comprenant : entr\u00e9e avec [&hellip;]<\/p>\n","protected":false},"author":2,"featured_media":494544,"parent":0,"menu_order":0,"template":"","property_type":[200],"property_status":[198],"property_feature":[],"property_label":[],"property_city":[209],"class_list":["post-494543","property","type-property","status-publish","has-post-thumbnail","hentry","property_type-appartement","property_status-vente","property_city-saint-georges-de-didonne"],"property_meta":{"fave_property_id":["26026"],"fave_property_rooms":["2"],"fave_property_land":["0"],"fave_property_size":["45.66"],"fave_property_year":["0"],"fave_property_price":["230000"],"fave_property_bedrooms":["1"],"fave_property_garage":[""],"fave_property_bathrooms":["1"],"fave_property_salledeau":["0"],"fave_property_wc":["1"],"fave_property_nb_etages":["6"],"fave_property_piscine":[""],"fave_property_sam":[""],"fave_property_sejour":["Oui"],"fave_property_surf_sejour":["14"],"fave_agent_display_option":["agency_info"],"fave_property_agency":["2792"],"fave_featured":["0"],"fave_epc_current_rating":["333"],"fave_epc_potential_rating":["72"],"fave_energy_class":["F"],"post_id:494543":[""],"_thumbnail_id":["494544"],"fave_property_images":["494544","494545","494546","494547","494548","494549","494550","494551"],"houzez_total_property_views":["9"],"houzez_views_by_date":["a:1:{s:10:\"04-30-2026\";i:9;}"],"houzez_recently_viewed":["2026-04-30 11:20:57"]},"_links":{"self":[{"href":"https:\/\/comptoir-immo-renu.com\/fichiers\/index.php\/wp-json\/wp\/v2\/properties\/494543","targetHints":{"allow":["GET"]}}],"collection":[{"href":"https:\/\/comptoir-immo-renu.com\/fichiers\/index.php\/wp-json\/wp\/v2\/properties"}],"about":[{"href":"https:\/\/comptoir-immo-renu.com\/fichiers\/index.php\/wp-json\/wp\/v2\/types\/property"}],"author":[{"embeddable":true,"href":"https:\/\/comptoir-immo-renu.com\/fichiers\/index.php\/wp-json\/wp\/v2\/users\/2"}],"version-history":[{"count":0,"href":"https:\/\/comptoir-immo-renu.com\/fichiers\/index.php\/wp-json\/wp\/v2\/properties\/494543\/revisions"}],"wp:featuredmedia":[{"embeddable":true,"href":"https:\/\/comptoir-immo-renu.com\/fichiers\/index.php\/wp-json\/wp\/v2\/media\/494544"}],"wp:attachment":[{"href":"https:\/\/comptoir-immo-renu.com\/fichiers\/index.php\/wp-json\/wp\/v2\/media?parent=494543"}],"wp:term":[{"taxonomy":"property_type","embeddable":true,"href":"https:\/\/comptoir-immo-renu.com\/fichiers\/index.php\/wp-json\/wp\/v2\/property_type?post=494543"},{"taxonomy":"property_status","embeddable":true,"href":"https:\/\/comptoir-immo-renu.com\/fichiers\/index.php\/wp-json\/wp\/v2\/property_status?post=494543"},{"taxonomy":"property_feature","embeddable":true,"href":"https:\/\/comptoir-immo-renu.com\/fichiers\/index.php\/wp-json\/wp\/v2\/property_feature?post=494543"},{"taxonomy":"property_label","embeddable":true,"href":"https:\/\/comptoir-immo-renu.com\/fichiers\/index.php\/wp-json\/wp\/v2\/property_label?post=494543"},{"taxonomy":"property_city","embeddable":true,"href":"https:\/\/comptoir-immo-renu.com\/fichiers\/index.php\/wp-json\/wp\/v2\/property_city?post=494543"}],"curies":[{"name":"wp","href":"https:\/\/api.w.org\/{rel}","templated":true}]}}

2 pièces avec vue panoramique sur la mer

<p>Idéal pour un projet de résidence secondaire ou investissement locatif, à 5 mn à pied de la plage de Vallières et 15 mn du centre ville<br /> Au 6ème et dernier étage d&#039;une résidence construction de 1964 avec ascenseur.<br /> Appartement de 2 pièces, d&#039;une surface habitable de 45.66 m2 habitables Loi CARREZ comprenant :<br /> entrée avec placard, salle de séjour et chambre donnant sur balcon de 8 m2 environ, cuisine, salle de bains, W.C.<br /> Magnifique vue mer, face à la baie de ROYAN.<br /> Une cave et un parking privatif extérieur complètent le bien.<br /> Des travaux de rénovation sont à prévoir.<br /> Honoraires inclus charge acquéreur : 4.55 % &#8211; Prix net vendeur : 220 000 EUR<br />Les informations sur les risques auxquels ce bien est exposé sont disponibles sur le site Géorisques : www.georisques.gouv.fr</p>

<p>Idéal pour un projet de résidence secondaire ou investissement locatif, à 5 mn à pied de la plage de Vallières et 15 mn du centre ville Au 6ème et dernier étage d&#039;une résidence construction de 1964 avec ascenseur. Appartement de 2 pièces, d&#039;une surface habitable de 45.66 m2 habitables Loi CARREZ comprenant : entrée avec [&hellip;]</p>
