{"id":216,"date":"2016-02-29T10:01:28","date_gmt":"2016-02-29T10:01:28","guid":{"rendered":"https:\/\/sandbox.favethemes.com\/houzez\/?page_id=216"},"modified":"2021-11-24T16:25:00","modified_gmt":"2021-11-24T16:25:00","slug":"comptoir-immobilier-andre-renu","status":"publish","type":"page","link":"https:\/\/comptoir-immo-renu.com\/fichiers\/index.php\/comptoir-immobilier-andre-renu\/","title":{"rendered":"Le  Comptoir Immobilier Andr\u00e9 Renu"},"content":{"rendered":"\t\t<div data-elementor-type=\"wp-page\" data-elementor-id=\"216\" class=\"elementor elementor-216\">\n\t\t\t\t\t\t<section class=\"elementor-section elementor-top-section elementor-element elementor-element-6b72d504 elementor-section-boxed elementor-section-height-default elementor-section-height-default elementor-invisible\" data-id=\"6b72d504\" data-element_type=\"section\" data-settings=\"{&quot;animation&quot;:&quot;fadeIn&quot;}\">\n\t\t\t\t\t\t<div class=\"elementor-container elementor-column-gap-default\">\n\t\t\t\t\t<div class=\"elementor-column elementor-col-100 elementor-top-column elementor-element elementor-element-5a2afb46\" data-id=\"5a2afb46\" data-element_type=\"column\">\n\t\t\t<div class=\"elementor-widget-wrap elementor-element-populated\">\n\t\t\t\t\t\t<div class=\"elementor-element elementor-element-5d8d3527 elementor-widget elementor-widget-text-editor\" data-id=\"5d8d3527\" data-element_type=\"widget\" data-widget_type=\"text-editor.default\">\n\t\t\t\t<div class=\"elementor-widget-container\">\n\t\t\t<style>\/*! elementor - v3.21.0 - 26-05-2024 *\/\n.elementor-widget-text-editor.elementor-drop-cap-view-stacked .elementor-drop-cap{background-color:#69727d;color:#fff}.elementor-widget-text-editor.elementor-drop-cap-view-framed .elementor-drop-cap{color:#69727d;border:3px solid;background-color:transparent}.elementor-widget-text-editor:not(.elementor-drop-cap-view-default) .elementor-drop-cap{margin-top:8px}.elementor-widget-text-editor:not(.elementor-drop-cap-view-default) .elementor-drop-cap-letter{width:1em;height:1em}.elementor-widget-text-editor .elementor-drop-cap{float:left;text-align:center;line-height:1;font-size:50px}.elementor-widget-text-editor .elementor-drop-cap-letter{display:inline-block}<\/style>\t\t\t\t<p>Fond\u00e9 par\u00a0<b>Andr\u00e9 RENU<\/b>\u00a0au sortir de la guerre, en 1948, le\u00a0<b>Comptoir Immobilier Andr\u00e9 RENU<\/b>\u00a0est l\u2019un des plus anciens cabinets de la place. En plus de 7 d\u00e9cennies, celui-ci n\u2019a cess\u00e9 d\u2019adapter sa structure d\u2019accueil et ses m\u00e9thodes de travail au gr\u00e9 de l\u2019\u00e9volution du march\u00e9 de l\u2019immobilier et des r\u00e9glementations en constante \u00e9volution, tout en s\u2019attachant \u00e0 r\u00e9pondre aux attentes de sa client\u00e8le.<\/p><p>Fid\u00e8le \u00e0 cette tradition, le Comptoir Immobilier Andr\u00e9 RENU est dirig\u00e9 depuis 1988 par Jean-Michel RENU, fils de son fondateur et vous offre la proximit\u00e9 d&#8217;une entreprise familiale reconnue, d\u00e9tentrice d\u2019une exp\u00e9rience acquise au fil des ann\u00e9es par une parfaite connaissance du march\u00e9 local.<\/p><p>Le Comptoir Immobilier Andr\u00e9 RENU est affili\u00e9 \u00e0 la premi\u00e8re organisation professionnelle en Europe, <b>la F\u00e9d\u00e9ration Nationale de l&#8217;Immobilier (FNAIM)<\/b> repr\u00e9sentant plus de 12 000 adh\u00e9rents r\u00e9partis sur l&#8217;ensemble du territoire national, sp\u00e9cialistes reconnus de la transaction et de l&#8217;administration de biens, de l&#8217;immobilier d&#8217;entreprise, de l&#8217;am\u00e9nagement foncier et de l&#8217;expertise.<\/p><p>La FNAIM d\u00e9fend les int\u00e9r\u00eats des professionnels de l&#8217;immobilier et de leurs clients. A ce titre, elle fournit une large gamme de prestations pour d\u00e9velopper l&#8217;\u00e9thique, la comp\u00e9tence et le professionnalisme de ses adh\u00e9rents dans le but d&#8217;accompagner et de s\u00e9curiser les projets immobiliers de ceux qui leur font confiance.<\/p><p>Ce site internet vous pr\u00e9sente en image, l&#8217;int\u00e9gralit\u00e9 du catalogue de villas, appartements, terrains \u00e0 b\u00e2tir, commerces.<\/p><p>Au del\u00e0 de votre premi\u00e8re recherche sur cet \u00e9cran, l&#8217;\u00e9quipe du\u00a0<b>Comptoir Immobilier Andr\u00e9 RENU<\/b>, sera ravie de vous apporter toutes les pr\u00e9cisions n\u00e9cessaires, soit par t\u00e9l\u00e9phone soit par e-mail et de vous accueillir pour vous conseiller et vous faire visiter les biens s\u00e9lectionn\u00e9s.<\/p>\t\t\t\t\t\t<\/div>\n\t\t\t\t<\/div>\n\t\t\t\t\t<\/div>\n\t\t<\/div>\n\t\t\t\t\t<\/div>\n\t\t<\/section>\n\t\t\t\t<section class=\"elementor-section elementor-top-section elementor-element elementor-element-11607ee elementor-section-boxed elementor-section-height-default elementor-section-height-default\" data-id=\"11607ee\" data-element_type=\"section\">\n\t\t\t\t\t\t<div class=\"elementor-container elementor-column-gap-default\">\n\t\t\t\t\t<div class=\"elementor-column elementor-col-100 elementor-top-column elementor-element elementor-element-34b660f\" data-id=\"34b660f\" data-element_type=\"column\">\n\t\t\t<div class=\"elementor-widget-wrap elementor-element-populated\">\n\t\t\t\t\t\t<div class=\"elementor-element elementor-element-0d66825 gallery-spacing-custom elementor-widget elementor-widget-image-gallery\" data-id=\"0d66825\" data-element_type=\"widget\" data-widget_type=\"image-gallery.default\">\n\t\t\t\t<div class=\"elementor-widget-container\">\n\t\t\t<style>\/*! elementor - v3.21.0 - 26-05-2024 *\/\n.elementor-image-gallery .gallery-item{display:inline-block;text-align:center;vertical-align:top;width:100%;max-width:100%;margin:0 auto}.elementor-image-gallery .gallery-item img{margin:0 auto}.elementor-image-gallery .gallery-item .gallery-caption{margin:0}.elementor-image-gallery figure img{display:block}.elementor-image-gallery figure figcaption{width:100%}.gallery-spacing-custom .elementor-image-gallery .gallery-icon{padding:0}@media (min-width:768px){.elementor-image-gallery .gallery-columns-2 .gallery-item{max-width:50%}.elementor-image-gallery .gallery-columns-3 .gallery-item{max-width:33.33%}.elementor-image-gallery .gallery-columns-4 .gallery-item{max-width:25%}.elementor-image-gallery .gallery-columns-5 .gallery-item{max-width:20%}.elementor-image-gallery .gallery-columns-6 .gallery-item{max-width:16.666%}.elementor-image-gallery .gallery-columns-7 .gallery-item{max-width:14.28%}.elementor-image-gallery .gallery-columns-8 .gallery-item{max-width:12.5%}.elementor-image-gallery .gallery-columns-9 .gallery-item{max-width:11.11%}.elementor-image-gallery .gallery-columns-10 .gallery-item{max-width:10%}}@media (min-width:480px) and (max-width:767px){.elementor-image-gallery .gallery.gallery-columns-2 .gallery-item,.elementor-image-gallery .gallery.gallery-columns-3 .gallery-item,.elementor-image-gallery .gallery.gallery-columns-4 .gallery-item,.elementor-image-gallery .gallery.gallery-columns-5 .gallery-item,.elementor-image-gallery .gallery.gallery-columns-6 .gallery-item,.elementor-image-gallery .gallery.gallery-columns-7 .gallery-item,.elementor-image-gallery .gallery.gallery-columns-8 .gallery-item,.elementor-image-gallery .gallery.gallery-columns-9 .gallery-item,.elementor-image-gallery .gallery.gallery-columns-10 .gallery-item{max-width:50%}}@media (max-width:479px){.elementor-image-gallery .gallery.gallery-columns-2 .gallery-item,.elementor-image-gallery .gallery.gallery-columns-3 .gallery-item,.elementor-image-gallery .gallery.gallery-columns-4 .gallery-item,.elementor-image-gallery .gallery.gallery-columns-5 .gallery-item,.elementor-image-gallery .gallery.gallery-columns-6 .gallery-item,.elementor-image-gallery .gallery.gallery-columns-7 .gallery-item,.elementor-image-gallery .gallery.gallery-columns-8 .gallery-item,.elementor-image-gallery .gallery.gallery-columns-9 .gallery-item,.elementor-image-gallery .gallery.gallery-columns-10 .gallery-item{max-width:100%}}<\/style>\t\t<div class=\"elementor-image-gallery\">\n\t\t\t<div id='gallery-1' class='gallery galleryid-216 gallery-columns-4 gallery-size-thumbnail'><figure class='gallery-item'>\n\t\t\t<div class='gallery-icon landscape'>\n\t\t\t\t<a data-elementor-open-lightbox=\"yes\" data-elementor-lightbox-slideshow=\"0d66825\" data-elementor-lightbox-title=\"agence48\" data-e-action-hash=\"#elementor-action%3Aaction%3Dlightbox%26settings%3DeyJpZCI6MjQ3MDUsInVybCI6Imh0dHBzOlwvXC9jb21wdG9pci1pbW1vLXJlbnUuY29tXC9maWNoaWVyc1wvd3AtY29udGVudFwvdXBsb2Fkc1wvMjAyMVwvMTBcL2FnZW5jZTQ4LmpwZWciLCJzbGlkZXNob3ciOiIwZDY2ODI1In0%3D\" href='https:\/\/comptoir-immo-renu.com\/fichiers\/wp-content\/uploads\/2021\/10\/agence48.jpeg'><img decoding=\"async\" width=\"150\" height=\"150\" src=\"https:\/\/comptoir-immo-renu.com\/fichiers\/wp-content\/uploads\/2021\/10\/agence48-150x150.jpeg\" class=\"attachment-thumbnail size-thumbnail\" alt=\"\" \/><\/a>\n\t\t\t<\/div><\/figure><figure class='gallery-item'>\n\t\t\t<div class='gallery-icon landscape'>\n\t\t\t\t<a data-elementor-open-lightbox=\"yes\" data-elementor-lightbox-slideshow=\"0d66825\" data-elementor-lightbox-title=\"agence54\" data-e-action-hash=\"#elementor-action%3Aaction%3Dlightbox%26settings%3DeyJpZCI6MjQ3MDYsInVybCI6Imh0dHBzOlwvXC9jb21wdG9pci1pbW1vLXJlbnUuY29tXC9maWNoaWVyc1wvd3AtY29udGVudFwvdXBsb2Fkc1wvMjAyMVwvMTBcL2FnZW5jZTU0LmpwZWciLCJzbGlkZXNob3ciOiIwZDY2ODI1In0%3D\" href='https:\/\/comptoir-immo-renu.com\/fichiers\/wp-content\/uploads\/2021\/10\/agence54.jpeg'><img decoding=\"async\" width=\"150\" height=\"150\" src=\"https:\/\/comptoir-immo-renu.com\/fichiers\/wp-content\/uploads\/2021\/10\/agence54-150x150.jpeg\" class=\"attachment-thumbnail size-thumbnail\" alt=\"\" \/><\/a>\n\t\t\t<\/div><\/figure><figure class='gallery-item'>\n\t\t\t<div class='gallery-icon landscape'>\n\t\t\t\t<a data-elementor-open-lightbox=\"yes\" data-elementor-lightbox-slideshow=\"0d66825\" data-elementor-lightbox-title=\"agence_58\" data-e-action-hash=\"#elementor-action%3Aaction%3Dlightbox%26settings%3DeyJpZCI6MjQ3MDMsInVybCI6Imh0dHBzOlwvXC9jb21wdG9pci1pbW1vLXJlbnUuY29tXC9maWNoaWVyc1wvd3AtY29udGVudFwvdXBsb2Fkc1wvMjAyMVwvMTBcL2FnZW5jZV81OC5qcGVnIiwic2xpZGVzaG93IjoiMGQ2NjgyNSJ9\" href='https:\/\/comptoir-immo-renu.com\/fichiers\/wp-content\/uploads\/2021\/10\/agence_58.jpeg'><img decoding=\"async\" width=\"150\" height=\"150\" src=\"https:\/\/comptoir-immo-renu.com\/fichiers\/wp-content\/uploads\/2021\/10\/agence_58-150x150.jpeg\" class=\"attachment-thumbnail size-thumbnail\" alt=\"\" \/><\/a>\n\t\t\t<\/div><\/figure><figure class='gallery-item'>\n\t\t\t<div class='gallery-icon landscape'>\n\t\t\t\t<a data-elementor-open-lightbox=\"yes\" data-elementor-lightbox-slideshow=\"0d66825\" data-elementor-lightbox-title=\"agence1\" data-e-action-hash=\"#elementor-action%3Aaction%3Dlightbox%26settings%3DeyJpZCI6MjQ3MDQsInVybCI6Imh0dHBzOlwvXC9jb21wdG9pci1pbW1vLXJlbnUuY29tXC9maWNoaWVyc1wvd3AtY29udGVudFwvdXBsb2Fkc1wvMjAyMVwvMTBcL2FnZW5jZTEuanBlZyIsInNsaWRlc2hvdyI6IjBkNjY4MjUifQ%3D%3D\" href='https:\/\/comptoir-immo-renu.com\/fichiers\/wp-content\/uploads\/2021\/10\/agence1.jpeg'><img loading=\"lazy\" decoding=\"async\" width=\"150\" height=\"150\" src=\"https:\/\/comptoir-immo-renu.com\/fichiers\/wp-content\/uploads\/2021\/10\/agence1-150x150.jpeg\" class=\"attachment-thumbnail size-thumbnail\" alt=\"\" \/><\/a>\n\t\t\t<\/div><\/figure>\n\t\t<\/div>\n\t\t<\/div>\n\t\t\t\t<\/div>\n\t\t\t\t<\/div>\n\t\t\t\t\t<\/div>\n\t\t<\/div>\n\t\t\t\t\t<\/div>\n\t\t<\/section>\n\t\t\t\t<\/div>\n\t\t","protected":false},"excerpt":{"rendered":"<p>Fond\u00e9 par\u00a0Andr\u00e9 RENU\u00a0au sortir de la guerre, en 1948, le\u00a0Comptoir Immobilier Andr\u00e9 RENU\u00a0est l\u2019un des plus anciens cabinets de la place. En plus de 7 d\u00e9cennies, celui-ci n\u2019a cess\u00e9 d\u2019adapter sa structure d\u2019accueil et ses m\u00e9thodes de travail au gr\u00e9 de l\u2019\u00e9volution du march\u00e9 de l\u2019immobilier et des r\u00e9glementations en constante \u00e9volution, tout en s\u2019attachant [&hellip;]<\/p>\n","protected":false},"author":1,"featured_media":0,"parent":0,"menu_order":0,"comment_status":"closed","ping_status":"closed","template":"","meta":{"footnotes":""},"class_list":["post-216","page","type-page","status-publish","hentry"],"_links":{"self":[{"href":"https:\/\/comptoir-immo-renu.com\/fichiers\/index.php\/wp-json\/wp\/v2\/pages\/216","targetHints":{"allow":["GET"]}}],"collection":[{"href":"https:\/\/comptoir-immo-renu.com\/fichiers\/index.php\/wp-json\/wp\/v2\/pages"}],"about":[{"href":"https:\/\/comptoir-immo-renu.com\/fichiers\/index.php\/wp-json\/wp\/v2\/types\/page"}],"author":[{"embeddable":true,"href":"https:\/\/comptoir-immo-renu.com\/fichiers\/index.php\/wp-json\/wp\/v2\/users\/1"}],"replies":[{"embeddable":true,"href":"https:\/\/comptoir-immo-renu.com\/fichiers\/index.php\/wp-json\/wp\/v2\/comments?post=216"}],"version-history":[{"count":29,"href":"https:\/\/comptoir-immo-renu.com\/fichiers\/index.php\/wp-json\/wp\/v2\/pages\/216\/revisions"}],"predecessor-version":[{"id":31928,"href":"https:\/\/comptoir-immo-renu.com\/fichiers\/index.php\/wp-json\/wp\/v2\/pages\/216\/revisions\/31928"}],"wp:attachment":[{"href":"https:\/\/comptoir-immo-renu.com\/fichiers\/index.php\/wp-json\/wp\/v2\/media?parent=216"}],"curies":[{"name":"wp","href":"https:\/\/api.w.org\/{rel}","templated":true}]}}